at is the highest common divisor of 144 and 13896?
72
What is the highest common divisor of 17 and 5831?
17
Calculate the greatest common divisor of 429 and 22.
11
What is the highest common factor of 174 and 11194?
58
Calculate the greatest common factor of 1632 and 224.
32
Calculate the highest common divisor of 187 and 17.
17
Calculate the highest common divisor of 312 and 120.
24
What is the greatest common divisor of 3684 and 12?
12
What is the highest common divisor of 28 and 126?
14
Calculate the greatest common factor of 29 and 58.
29
What is the greatest common factor of 10 and 3470?
10
What is the greatest common factor of 841 and 29?
29
Calculate the highest common divisor of 116 and 87.
29
Calculate the highest common factor of 547 and 4.
1
What is the highest common factor of 42 and 273?
21
Calculate the greatest common divisor of 90 and 23910.
30
What is the highest common divisor of 50 and 350?
50
Calculate the highest common factor of 696 and 29.
29
What is the greatest common divisor of 35 and 85?
5
Calculate the highest common divisor of 68 and 11356.
68
Calculate the highest common factor of 11 and 352.
11
Calculate the greatest common factor of 220 and 429.
11
What is the highest common divisor of 32 and 272?
16
Calculate the highest common factor of 8 and 96.
8
What is the highest common factor of 60 and 300?
60
What is the greatest common divisor of 24 and 36?
12
Calculate the highest common factor of 462 and 54.
6
Calculate the greatest common divisor of 48 and 9.
3
What is the greatest common divisor of 6 and 102?
6
Calculate the highest common factor of 288 and 27.
9
What is the greatest common factor of 4272 and 144?
48
What is the greatest common divisor of 14 and 15722?
14
What is the greatest common factor of 1062 and 126?
18
What is the greatest common factor of 41972 and 28?
28
Calculate the highest common divisor of 2 and 39.
1
What is the highest common divisor of 12096 and 42?
42
Calculate the highest common factor of 26 and 208.
26
What is the greatest common factor of 288 and 64?
32
What is the greatest common divisor of 1200 and 48?
48
Calculate the greatest common factor of 52 and 117.
13
Calculate the greatest common factor of 72 and 81.
9
Calculate the highest common divisor of 33 and 4983.
33
What is the highest common divisor of 73 and 146?
73
What is the highest common divisor of 256 and 16?
16
What is the greatest common divisor of 7 and 82523?
7
Calculate the highest common divisor of 55 and 869.
11
Calculate the greatest common factor of 448 and 32.
32
What is the highest common divisor of 132 and 825?
33
What is the greatest common factor of 5664 and 2?
2
Calculate the greatest common divisor of 760 and 9595.
95
Calculate the highest common divisor of 464 and 29.
29
What is the greatest common divisor of 147 and 84?
21
What is the greatest common divisor of 38 and 475?
19
Calculate the highest common factor of 11 and 1903.
11
Calculate the greatest common factor of 552 and 4462.
46
Calculate the highest common factor of 14 and 973.
7
Calculate the greatest common factor of 20 and 95.
5
What is the highest common divisor of 5 and 25?
5
What is the greatest common divisor of 561 and 154?
11
Calculate the greatest common factor of 32 and 44.
4
Calculate the greatest common factor of 410 and 246.
82
What is the greatest common divisor of 1025 and 275?
25
Calculate the highest common factor of 551 and 38.
19
Calculate the highest common factor of 408 and 7446.
102
What is the greatest common factor of 120022 and 14?
14
Calculate the greatest common divisor of 20 and 295.
5
Calculate the highest common factor of 50 and 150.
50
What is the greatest common divisor of 18 and 99?
9
Calculate the greatest common divisor of 156 and 11076.
156
Calculate the highest common divisor of 100 and 29.
1
What is the highest common factor of 2655 and 15?
15
Calculate the highest common factor of 86 and 172.
86
Calculate the greatest common divisor of 32 and 1232.
16
What is the greatest common factor of 78 and 5304?
78
Calculate the greatest common factor of 396 and 220.
44
What is the highest common divisor of 390 and 240?
30
What is the highest common factor of 75 and 1200?
75
What is the highest common factor of 2777 and 2?
1
What is the highest common factor of 50 and 130?
10
Calculate the highest common divisor of 1219 and 92.
23
What is the highest common divisor of 2587 and 65?
13
What is the greatest common divisor of 391 and 187?
17
Calculate the greatest common divisor of 50 and 12800.
50
What is the highest common divisor of 12994 and 146?
146
Calculate the highest common divisor of 344 and 1548.
172
What is the greatest common factor of 237 and 23463?
237
Calculate the greatest common divisor of 1890 and 135.
135
What is the greatest common divisor of 200 and 650?
50
What is the greatest common factor of 21 and 399?
21
Calculate the greatest common divisor of 1840 and 115.
115
Calculate the greatest common divisor of 10 and 1410.
10
Calculate the greatest common divisor of 4 and 164.
4
Calculate the greatest common divisor of 3404 and 888.
148
Calculate the greatest common factor of 742 and 28.
14
Calculate the greatest common divisor of 40 and 8.
8
Calculate the highest common factor of 1048 and 2358.
262
Calculate the greatest common divisor of 1880 and 47.
47
Calculate the greatest common divisor of 3445 and 10.
5
Calculate the greatest common divisor of 90 and 18.
18
What is the greatest common divisor of 658 and 14?
14
Calculate the greatest common factor of 5214 and 198.
66
What is the highest common divisor of 40 and 185?
5
Calculate the greatest common factor of 15585 and 120.
15
What is the highest common factor of 360 and 10?
10
Calculate the greatest common factor of 16 and 512.
16
What is the greatest common factor of 5292 and 108?
108
What is the greatest common factor of 23 and 1127?
23
Calculate the highest common factor of 17192 and 112.
56
Calculate the greatest common factor of 480 and 60.
60
Calculate the greatest common divisor of 2877 and 210.
21
What is the highest common divisor of 26 and 1378?
26
Calculate the highest common factor of 1210 and 44.
22
Calculate the highest common factor of 292 and 47012.
292
What is the greatest common factor of 16 and 5?
1
Calculate the highest common divisor of 35 and 39305.
35
What is the greatest common factor of 956 and 4?
4
Calculate the highest common factor of 126 and 966.
42
What is the highest common divisor of 114 and 9?
3
Calculate the highest common factor of 342 and 36.
18
What is the greatest common divisor of 30 and 138?
6
Calculate the greatest common divisor of 238 and 68.
34
What is the greatest common factor of 36 and 270?
18
Calculate the greatest common divisor of 436 and 36.
4
Calculate the greatest common factor of 395 and 20.
5
Calculate the greatest common factor of 507 and 6.
3
What is the greatest common divisor of 510 and 2346?
102
What is the greatest common factor of 2759 and 93?
31
Calculate the greatest common factor of 1755 and 130.
65
Calculate the highest common divisor of 15 and 165.
15
What is the highest common factor of 120 and 630?
30
What is the greatest common factor of 910 and 14?
14
Calculate the greatest common divisor of 4734 and 135.
9
Calculate the highest common factor of 13 and 18499.
13
What is the greatest common divisor of 99 and 1683?
99
Calculate the greatest common factor of 4687 and 43.
43
Calculate the highest common divisor of 6 and 2262.
6
Calculate the highest common divisor of 2590 and 3220.
70
What is the highest common divisor of 494 and 104?
26
What is the highest common factor of 125 and 325?
25
What is the greatest common factor of 1602 and 18?
18
What is the highest common divisor of 1 and 5?
1
What is the highest common factor of 2668 and 184?
92
What is the highest common divisor of 242 and 104?
2
Calculate the highest common factor of 18 and 294.
6
Calculate the highest common factor of 80 and 30.
10
Calculate the highest common divisor of 260 and 65.
65
What is the highest common factor of 567 and 81?
81
Calculate the greatest common factor of 30 and 1695.
15
What is the greatest common divisor of 6704 and 32?
16
What is the highest common factor of 87040 and 170?
170
What i